 is the tens digit of 8/(-6) - (-15 - (-5166)/m)?
0
Let f(v) = -5*v + 9. Let t = -40 - -58. Let k be f(t). What is the units digit of (-1 - k) + (-1 - -2)?
1
Let u = -15056 - -26390. What is the hundreds digit of u?
3
Let m = 6252 - 5679. What is the units digit of m?
3
Let x = 36554 + -25802. What is the tens digit of x?
5
Let r = 3007 - -7235. What is the hundreds digit of r?
2
Suppose 1518*l - 1769419 = 1471*l + 376742. What is the units digit of l?
3
Suppose 214*u = 247*u - 510048. What is the units digit of u?
6
Let y(x) = 134*x - 220. Let l be y(8). Let m = l + -440. What is the hundreds digit of m?
4
Let y(s) = 2*s**2 + 16*s + 15. Let g be (-3)/(-5) - 2119/65. Let m = 21 + g. What is the units digit of y(m)?
1
Suppose 45 + 95 = -5*n - 3*r, -112 = 4*n + 4*r. Let u(j) = -2*j**2 + 23*j - 18. Let x be u(15). Let y = n - x. What is the tens digit of y?
9
Let v be (-81)/(-54)*8/3. Suppose 0 = v*p - 582 - 398. What is the hundreds digit of p?
2
Let o(u) = 6*u + 17. Suppose m = w - 0*w - 21, -5*m = -5. What is the units digit of o(w)?
9
Suppose r - c - 19 = 0, 0 = 3*r - r + 5*c - 10. Suppose 232 = -r*i + 1972. What is the hundreds digit of i?
1
Let s be 22/5*(-2 + 12). Let k be 128/(-22) + (-8)/s. What is the tens digit of 2*24 + (-9)/(-3 - k)?
4
Let f be (-16)/(-72) - 4/18. Let h(y) = y**3 + y**2 - 3. Let s be h(f). What is the units digit of s*1/3*-61?
1
Let a(l) = l + 6. Let r be a(-7). Suppose 91 = 2*o + x, 137 = 3*o + 2*x - x. Let g = o - r. What is the tens digit of g?
4
Let w(o) = 56*o**2 - 10*o + 12. Let n be w(11). Suppose -178*z + 164*z = -n. What is the units digit of z?
7
Suppose 4 + 0 = 2*w. What is the hundreds digit of (1/w - (-624)/(-32))*-19?
3
Let i = -68 + 824. Let l = 1226 + i. What is the units digit of l?
2
Suppose -105*a + 90 = -60*a. Suppose x + 6086 = 5*l, a*l - x = 645 + 1790. What is the units digit of l?
7
Let g(z) = -4*z**2 - 26*z - 15. Let u be g(-6). Let f(t) = -10*t**3 - t**2 - 5*t - 11. Let d be f(u). What is the hundreds digit of (d/(4/4))/(3 + -2)?
2
Suppose 65*i + 451295 = 118*i. What is the units digit of i?
5
Let b be -2*(2 - (-45)/(-10)). Let c(f) = 4*f - b*f - 1 + 2*f**2 + 2*f. What is the units digit of c(2)?
9
Let b = -433 + 1000. Suppose 138*q = 137*q + b. What is the tens digit of q?
6
Let t = -9806 + 3652. Let m be 2/((-12)/t) - 9/(-27). Suppose 5*w - m = -121. What is the units digit of w?
1
Let t(q) = 2*q**2 + q - 5. Let m be 34/(-10) - (-8)/60*3. Let p be t(m). Suppose c - 12 - p = 0. What is the units digit of c?
2
Let s(f) = 8*f**3 - 35*f**2 - 8*f - 12. Let g = 209 - 202. What is the tens digit of s(g)?
6
What is the units digit of ((-53023)/4)/(24/(-96))?
3
Suppose j = 11*j - 20. Suppose -4*i = -3*i - j, 2*i + 416 = u. What is the tens digit of u?
2
Let k(c) = 626*c + 2. Let h be k(2). Let z(w) = -2*w - 32. Let v be z(-20). Suppose v*b - h = 2*b. What is the hundreds digit of b?
2
Let b(s) = 66*s**2 + s - 1. Let o be b(1). Let j = -61 + o. Suppose 0 = -j*d + 4*q + 842, -3*d + 504 = -4*q + 2*q. What is the units digit of d?
6
Let a be (-4)/(-3) - (3 + 55/(-15)). Suppose -a*m + 1392 = 6*m. Suppose 2*g = 5*g + 2*l - 257, -2*g + m = 2*l. What is the tens digit of g?
8
What is the units digit of ((12 - 1)/(-11))/((-1)/4630)?
0
Let c(y) = y**3 + 22*y**2 + 2*y + 48. Let l be c(-22). Suppose l*r + 4*h - 183 = 77, -2*r + h = -139. What is the units digit of r?
8
Let c be 6*((-10)/(-60))/((-2)/6). Let d be ((-65)/25 - c)*5. What is the units digit of d/(-15) - 13422/(-90)?
9
What is the hundreds digit of ((-356)/(-3))/(((-30)/9)/(-10))?
3
Suppose g - 3*g = -138. Let r(o) = 4*o**2 + 31*o + 1. Let k be r(-7). Let q = k + g. What is the units digit of q?
9
Suppose 243 = -b + o - 240, -3*b - 1456 = 4*o. Let s = b - -1396. What is the hundreds digit of s?
9
Let f = -249 - -465. Suppose -a + 533 = -f. What is the tens digit of a?
4
Suppose 3*a = 2*b - 0*a - 3853, -4*b - a + 7685 = 0. What is the units digit of b?
2
Let u(l) = 4*l**2 + 282*l + 654. What is the tens digit of u(-96)?
4
Suppose 0 = 5*m - a - 3*a - 149455, -2*m = -4*a - 59782. What is the tens digit of m?
9
Suppose -18040 = 95*o - 105*o. Let t = o - 1076. What is the units digit of t?
8
Suppose 326*y - 2924648 = -96*y + 2235146. What is the thousands digit of y?
2
Suppose -10*p + 39 = -7*p. Let g(s) = -s**3 + 12*s**2 + 14*s - 11. Let h be g(p). Suppose -3*c - 4*z = -61, -3*c - c + h*z = -118. What is the tens digit of c?
2
Suppose 0 = -4*h + 7*h - 21. Let b(x) = 3*x - 18. Let k be b(h). Let u(o) = 21*o + 3. What is the tens digit of u(k)?
6
Let t be (-44)/242 + (-4)/(-22). Suppose 4*k - 2*a + t*a - 52 = 0, -5*a + 39 = 3*k. What is the units digit of k?
3
Suppose 11*p = 13*p + 3*q - 70361, 3*p - 5*q = 105513. What is the units digit of p?
6
Let k(r) = 2*r**3 + 86*r**2 + 89*r + 163. What is the ten thousands digit of k(-38)?
1
Suppose -3*u + 4 = -2*u, -3*s - 5*u = 43. Let k = s + 100. What is the tens digit of k?
7
Suppose 2*i = -0*i - 164. Suppose 5*d - 714 = -4*x, 3*d - 175 = 3*x + 275. Let w = i + d. What is the units digit of w?
4
Let z(f) = -f**3 + 20*f**2 + 32*f - 37. What is the thousands digit of z(-15)?
7
Suppose 0 = -7*w + 8*w - 1749. Let p(g) = g - 3. Let k be p(6). What is the tens digit of (2/k)/(22/w)?
5
Let l(m) = m**2 - 22*m - 1540. What is the units digit of l(141)?
9
What is the thousands digit of 14 - 2336/168 - 7/(147/(-584428))?
7
Suppose -m + 0 - 40 = 0. Let b = m - -95. What is the tens digit of b?
5
Suppose 15 = 3*m - 5*j, 5*m + 2 = 2*j + 8. Suppose m = 3*c - 12, 4*h + 0*c + 5*c - 2128 = 0. What is the units digit of h?
7
Suppose 2240 = 6*f - 2932. Suppose h - 5*l + 6*l - f = 0, 3*h - 2*l - 2591 = 0. What is the units digit of h?
3
Suppose -i + 13*i = 1260. What is the hundreds digit of (-496)/12*i/(-14)?
3
Suppose -19*z - 6*z + 129325 = 0. Suppose -22*r + 1823 = -z. What is the units digit of r?
8
Suppose -134 = 3*h + 64. Let p = 11 - h. What is the tens digit of p?
7
Suppose 17*h - 59718 = -20771. What is the hundreds digit of h?
2
Let k(t) = 8*t + 24. Let g(d) = -9*d - 24. Suppose 2*c = 3*c + q + 4, 3*q + 8 = -2*c. Let l(s) = c*k(s) - 3*g(s). What is the units digit of l(-13)?
1
Suppose 0 = -2*f + 5*q - 1 - 5, 0 = -2*q - 8. What is the tens digit of (-1)/(f/2) - (-5835)/13?
4
Suppose -8 = -2*p + 4*c, -2*p + 4 = c - 9. Let d be (-5)/(-15) - 6356/(-12). Suppose -p*s - 2*o = -3*s - d, -4*o = -4. What is the hundreds digit of s?
1
Let m(i) = 3*i**2 + 2*i + 73. Suppose -3*u + 0*o = -2*o + 25, 0 = 4*u + 5*o + 41. What is the hundreds digit of m(u)?
2
Let r(y) = -y**2 - 19*y + 76. Let i be r(4). Let u = i + 85. What is the units digit of u?
9
What is the units digit of 589/(18/(-50) + (-142)/(-355))?
5
Suppose -4080 = 769*g - 763*g. Let p = 1324 + g. What is the hundreds digit of p?
6
Suppose 0 = 4*d - 3*d + 3*n - 8, 3*d - 5*n = -32. Let g(x) = -x**2 - 7*x - 11. Let h be g(d). What is the hundreds digit of (1*27/h)/((-6)/(-32))?
1
Let a = -2706 - -3880. What is the hundreds digit of 18/3 + (a - -2)?
1
Let y(n) = 12*n + 10. Let a be y(-17). Let v = 329 + a. Let m = v + -78. What is the tens digit of m?
5
Let y = 153 - 58. Let m = 154 + -17. Let f = m - y. What is the tens digit of f?
4
Let j be (42/35)/(3/(-15)). Let q(d) = -d**2 + d + 7. Let l be q(j). What is the tens digit of (-26)/65*(l + 0)?
1
Suppose l + 3*s = 23530, -94021 = -4*l - 2*s + s. What is the ten thousands digit of l?
2
Let j(t) = -20*t**3 + 4*t**2 - 37*t - 53. What is the thousands digit of j(-9)?
5
What is the tens digit of 21064/8 - -13 - 15?
3
Let h = 1458 - 667. Let r = h + -420. What is the units digit of r?
1
Let s(g) = -g**3 + 10*g**2 - 10*g - 7. Let p be s(9). Let u be p/(10/35*(-14)/(-8)). What is the units digit of 50/(-4)*u/10?
0
Suppose -2*o + 3*o = 5*j - 30, 4*j - 2*o = 24. Suppose 11*z - 1788 = j*z - 3*m, -z = 3*m - 360. What is the hundreds digit of z?
3
What is the ten thousands digit of 0 - -35986 - 3420/190?
3
Let h(c) = 98*c**2 - 17*c + 26. What is the hundreds digit of h(5)?
3
Let m = 23 + -167. Let v = m - -341. What is the units digit of v?
7
Let f(a) = 45*a + 140 - 279 + 180. What is the hundreds digit of f(11)?
5
Let h be (-12)/(-3)*(-6)/(-12). Suppose q = h*m + 6*q - 188, -268 = -3*m - 4*q. What is the units digit of m?
4
Let m(d) = -